nd derivative of r**4/12 + 4*r**3/3 - 3*r**2 - 21*r. Let o be l(-10). Suppose 0 = -h - o + 46. What is the units digit of h?
2
Let w(n) = 251*n**2 + 57*n - 12. What is the tens digit of w(11)?
8
Suppose -a + p - 21 = -2*a, 43 = 2*a + 3*p. Let i be a/(0 + (2 - 1)). Suppose -g = 3*g - i. What is the units digit of g?
5
Let f = 2939 + -897. Let b = f + -901. What is the units digit of b?
1
Suppose -64*h + 162190 - 64976 = -1077954. What is the units digit of h?
2
Suppose 4*t = -o + 16, -o + 8*t = 4*t. Suppose z = -4*k + 1215, -905 = -3*k + o*z - 10*z. What is the tens digit of k?
0
Suppose -5*q + 6287 = -0*u + 4*u, 4*q + 5*u = 5026. What is the units digit of q?
9
Suppose -5*z - 2*m + 11751 = -844, 3*z = 5*m + 7588. Suppose -3*j + z = h, -3*h + 769 + 74 = j. What is the units digit of j?
0
Let i = 543 - 239. Suppose 2*n = -5*r + 1448, -2*r + i = -r + 4*n. What is the tens digit of r?
8
Suppose 5*r + 9*u - 20 = 4*u, -r = -u. Let g(h) be the first derivative of 17*h**3/3 + 2*h**2 - 2*h + 64. What is the units digit of g(r)?
4
Suppose 0 = 3*w - 128 + 389. Let p = -85 - w. What is the tens digit of -2 - (-706)/3 - p/(-3)?
3
Let a be (-3)/((-30)/4)*-20. Let l = -4 - a. Let x = 1 + l. What is the units digit of x?
5
Suppose 30 = 5*h + 4*w + 2, -h = 4*w - 12. Suppose s + 0*s + 5*v + 7 = 0, -h*s - 3*v + 6 = 0. What is the tens digit of 2/s + (-542)/(-6)?
9
Suppose 6*q - 6 = 12. Suppose -g + 5*c + 34 = q*c, c + 117 = 3*g. What is the tens digit of g?
4
Suppose 1647*s - 1645*s - 958 = 0. What is the units digit of s?
9
Let v = -150 - 122. Let c = -43 - v. What is the hundreds digit of c?
2
Let i(t) = 228*t**2 - 52*t + 41. What is the tens digit of i(7)?
4
Let z be (-3)/(15/(-3) - -4). Let y(c) = 70*c**2 + 3*c - 3. What is the units digit of y(z)?
6
Let r be (-6)/18*((-9 - -3) + -3). Suppose -r*g + 4*k + 196 = -k, -5*k - 82 = -g. What is the units digit of g?
7
Let r be 56043/(-39)*(-2)/3. Suppose 0 = 2*f + 2*f - c - 1898, -r = -2*f - 4*c. What is the tens digit of f?
7
Let f = -2942 + 4498. Suppose -228*k + 230*k = f. What is the hundreds digit of k?
7
Let i = 103 - 101. Suppose i*o + 5*q - 599 = 0, 4*q = -4*o + 9*q + 1153. What is the hundreds digit of o?
2
Let v be (-3)/(-2)*10/3. Suppose 0 = v*m - 2*g - 393 - 310, 2*g + 564 = 4*m. Let i = -65 + m. What is the tens digit of i?
7
Let d = -27182 + 47770. What is the hundreds digit of d?
5
Suppose 231*u + 214*u = 28277525. What is the units digit of u?
5
Let v(h) = h**2 - 11*h - 4. Let c(r) = r**3 - 10*r**2 + r + 1. Let s be c(10). Let f be v(s). What is the tens digit of 4 - 3 - 220/f?
5
Suppose -93*g - 35 = -88*g. Let o = g - -16. Suppose o - 1 = -4*a, -5*a - 511 = -3*i. What is the tens digit of i?
6
Let y be (2*-1)/(11 + -12). Let l = y + 1. What is the units digit of l/(-2)*(-1494)/27?
3
Let d be (-434)/4 + (-4)/(6 + 2). Let b = -102 - d. Suppose 3*n - b = 2*n. What is the units digit of n?
7
Suppose -5*j - 15 = q, -4*q - 2*j + 55 = -5*j. Suppose -692 = 8*z - q*z. What is the tens digit of z?
4
Suppose 5*f - 82007 = 4*o, 5*f - 105731 + 23790 = -18*o. What is the ten thousands digit of f?
1
Let h be 116/8 + (-9)/(-6) + 108/(-36). Let o(t) = -t + 2*t**2 - 9*t - 63 + 0*t**2. What is the tens digit of o(h)?
4
Let r = 3 + -1. Suppose 287*w = 313*w - 104. Suppose 2*x - 4*k = -x + 187, 266 = w*x - r*k. What is the units digit of x?
9
Let n = 254 + -275. What is the tens digit of (6 + n + -3)/((-2)/35)?
1
Let c = 9309 - 2139. What is the hundreds digit of c?
1
Let y(h) = 414*h**3 + 50*h**2 - 155*h - 3. What is the units digit of y(3)?
0
Let g be -64 - ((-1)/2 - 3/6). Let t = 78 - g. Let r = t - -6. What is the hundreds digit of r?
1
Let m = 42 + -53. Let r(h) = h**3 + 15*h**2 + 8*h + 26. Let q be r(m). Suppose 5*w + q - 1072 = 0. What is the units digit of w?
0
Suppose -2*p = 3*n - 7*n - 796, -2*p = 4*n + 804. Suppose -92*m = -87*m + 70. What is the tens digit of (-3)/(m/(-56) + 58/n)?
7
Let v be 478/4 - (-21)/14. What is the tens digit of 9944/v - (-4)/(-22) - -3?
8
Suppose 5*m = -2*b - 0*m + 137, 0 = -5*b - m + 354. Let v(r) = 5*r - 7. Let u be v(-5). Let l = u + b. What is the units digit of l?
9
Suppose -28*o = -26*o + 4. What is the hundreds digit of 843/6*-2*o?
5
Let h(r) = 7*r**2 - 2*r - 13. Let v be h(-2). Suppose 0 = 5*f + 3*c - 700, -182 = -f + 4*c - v. What is the tens digit of f?
4
Let x(r) = 11*r**2 - 5*r + 215. What is the tens digit of x(11)?
9
Suppose -46*l + 87720 = -225554 - 101508. What is the hundreds digit of l?
0
Suppose -5*b - 5*x + 38684 + 25426 = 0, -2*x = -b + 12825. What is the hundreds digit of b?
8
Suppose 0 = 5*f - 0*f - 20. Suppose -2*u - 2*o = -o - 8, -2*u + 4*o = -8. Suppose -u*x + 57 = 5*b, -b + 0*x - f*x + 21 = 0. What is the units digit of b?
9
Let x(f) = -f**2 - 28*f + 2. Let c be x(-27). Suppose -713 = -2*p - 5*b, -p + 339 = -30*b + c*b. What is the tens digit of p?
4
Suppose 3176*g + 3222193 = 3205*g + 1255384. What is the ten thousands digit of g?
6
Let g(f) = 37*f**2 - 43*f + 87. What is the hundreds digit of g(21)?
5
Suppose -2*g - 2*w + 8562 = 0, -2156 - 2145 = -g + 3*w. What is the tens digit of g?
8
What is the tens digit of 31/((-2345)/(-293) + -8)?
8
Let n(m) = -m**2 + 7*m + 4. Let u be n(5). Let a be 200/u - 14/49. Suppose a = -13*i + 15*i. What is the units digit of i?
7
Let q(f) = 206*f**2 - 80*f + 165. What is the hundreds digit of q(6)?
1
Suppose 0 = -5*k + 102 - 117. Let v(b) = 85*b**2 - 13*b - 34. What is the tens digit of v(k)?
7
Suppose -18 - 22 = -5*q. Suppose 4*x - 4 = q*x. What is the tens digit of (x/2)/((-1)/362)?
8
What is the hundreds digit of 4 + 630*2/9*60?
4
Suppose -3*j = -60 + 27. Suppose 2719 = j*x - 1769. What is the units digit of x?
8
Suppose -3*t = 5 - 5. Suppose -5*h + k = -12, -5*h + t*k = k - 8. What is the hundreds digit of 3*1226/30 + h/5?
1
Suppose -596 - 46 = d. Let i = -247 - d. What is the units digit of i?
5
Let l(v) = -126*v - 47. Let r(f) = 83*f + 31. Let d(p) = 5*l(p) + 8*r(p). What is the units digit of d(12)?
1
Let k = 530 - 530. Suppose k = p + 13*p - 10850. What is the tens digit of p?
7
Let b = 7567 - 3179. What is the units digit of b?
8
Let v be (84/(-8))/7*484/(-6). Let o = 133 - v. What is the units digit of o?
2
Suppose 7195 = g - 17425. What is the units digit of g?
0
Let j(b) = 12 + b + 6 - 30. Let p be j(12). What is the units digit of (-33 + p)*(-2 - (-2)/2)?
3
Let v(c) = -3*c**2 + 2*c**3 + 13 + 2*c + 6*c - 9*c - 5*c**3. What is the tens digit of v(-6)?
5
Let k = -10536 + 14847. What is the thousands digit of k?
4
Let p(z) = -2*z**3 - 17*z - 54. Let y be p(-16). Suppose y + 1210 = 26*q. What is the units digit of q?
0
Let z(d) = -d**3 + 3*d**2 + 17*d + 263. What is the hundreds digit of z(0)?
2
Let a be (1 - 4) + (2 + 0)*-1. Let g be (a/((-50)/(-24)))/(42/1575). What is the units digit of (-135)/g*(203 + 1*-1)?
3
Suppose 0 = 6*t - 11732 - 8650. Let z = t + -1971. What is the thousands digit of z?
1
Suppose 8*b = 2*b + 270. Let q be 6/(b/12 - 3). Suppose 0 = l - 4*t - 115, 2*l + 5*t - q*t - 245 = 0. What is the tens digit of l?
2
Let z = 123 - 183. Suppose 0 = 4*y + 5*l, 5*y = -2*l + 68 - 85. What is the tens digit of 24/z + (-282)/y?
5
Let f(v) = v**3 - 9*v**2 - 2*v + 19. Let t(x) = x**2 + x + 1. Let a(q) = f(q) - 2*t(q). Let l be a(12). Let z = -110 + l. What is the units digit of z?
3
Let u(y) = -2*y**2 - 12*y - 7. Let o = 9 + -14. Let a be u(o). Suppose -4*b - 3*r + 464 = r, 2*b - 242 = a*r. What is the hundreds digit of b?
1
Let y = -40 + 31. Let m be 100/(-2)*(8 + y). Let f = 59 + m. What is the tens digit of f?
0
Suppose -5*s - 5*p + 5 + 0 = 0, 0 = -5*s - 2*p - 4. Let u(l) = -458*l + 51. What is the units digit of u(s)?
7
Suppose 55439 + 516969 = 27*w - 662275. What is the thousands digit of w?
5
Suppose u + 127 + 261 = 4*h, -3*u - 108 = -h. Suppose -f - 5*k = -1 + 10, -f + 2*k = -12. Suppose f*d - h = 2*d. What is the tens digit of d?
2
Let x be 91 + (-13 + 3 - -8). Suppose -4*m = -3 + 7, -5*v + 18 = 2*m. Suppose -255 = -v*i + x. What is the units digit of i?
6
Let f = 18 - 25. Let c(p) = -p**3 + 4*p**2 - 3*p - 16. What is the tens digit of c(f)?
4
Suppose 0 = -0*f - 7*f. Suppose f = 2*r - 5*r + 9. Suppose -i + o + 27 = r*i, 5*i + o = 27. What is the units digit of i?
6
Let z = 30 - 58. Let q(t) = -1